07?
3
What is the greatest common factor of 50 and 400?
50
Calculate the highest common factor of 544 and 160.
32
What is the greatest common divisor of 66 and 363?
33
What is the highest common factor of 3564 and 1620?
324
Calculate the highest common factor of 138 and 15.
3
Calculate the greatest common divisor of 7030 and 74.
74
Calculate the highest common factor of 454 and 4.
2
What is the highest common factor of 10 and 10610?
10
What is the greatest common factor of 315 and 819?
63
What is the greatest common divisor of 3 and 93?
3
Calculate the highest common factor of 14 and 1946.
14
What is the greatest common factor of 1547 and 364?
91
Calculate the greatest common divisor of 182 and 7462.
182
What is the greatest common divisor of 3668 and 42?
14
What is the greatest common divisor of 804 and 12?
12
What is the highest common factor of 48 and 624?
48
What is the highest common divisor of 85 and 1904?
17
What is the highest common divisor of 7568 and 2?
2
What is the highest common divisor of 935 and 425?
85
Calculate the highest common divisor of 177 and 20886.
177
What is the highest common divisor of 36 and 4?
4
Calculate the greatest common divisor of 1840 and 80.
80
Calculate the highest common factor of 3783 and 291.
291
What is the highest common factor of 9169 and 53?
53
Calculate the greatest common factor of 56 and 54.
2
What is the highest common factor of 1360 and 16?
16
Calculate the greatest common divisor of 9933 and 462.
231
Calculate the highest common divisor of 12 and 192.
12
Calculate the highest common factor of 1 and 27.
1
Calculate the highest common factor of 100 and 1250.
50
What is the highest common factor of 3234 and 66?
66
What is the highest common factor of 14 and 3528?
14
What is the highest common factor of 150 and 70?
10
Calculate the highest common divisor of 39 and 8801.
13
Calculate the highest common factor of 195 and 75.
15
Calculate the highest common divisor of 184 and 28.
4
What is the highest common divisor of 8262 and 102?
102
Calculate the greatest common divisor of 702 and 4680.
234
Calculate the highest common factor of 846 and 10622.
94
What is the highest common divisor of 291 and 8633?
97
What is the greatest common divisor of 30 and 1245?
15
Calculate the greatest common divisor of 390 and 930.
30
Calculate the highest common divisor of 429 and 33.
33
Calculate the highest common divisor of 70 and 160.
10
Calculate the greatest common factor of 4 and 148.
4
Calculate the highest common divisor of 2134 and 506.
22
What is the greatest common divisor of 2 and 7?
1
What is the highest common divisor of 24 and 6?
6
Calculate the greatest common divisor of 6226 and 22.
22
Calculate the highest common factor of 25 and 3175.
25
Calculate the greatest common factor of 44 and 4.
4
Calculate the highest common factor of 20 and 205.
5
What is the greatest common divisor of 16 and 4?
4
Calculate the highest common divisor of 6700 and 200.
100
Calculate the greatest common divisor of 37655 and 17.
17
What is the highest common factor of 3250 and 52?
26
What is the greatest common divisor of 17150 and 30?
10
Calculate the greatest common factor of 49 and 343.
49
Calculate the greatest common factor of 140 and 1855.
35
What is the highest common factor of 2375 and 76?
19
What is the highest common factor of 34 and 493?
17
What is the greatest common factor of 10 and 5895?
5
What is the highest common factor of 38 and 342?
38
What is the highest common factor of 1469 and 226?
113
Calculate the greatest common factor of 196 and 224.
28
What is the greatest common divisor of 170 and 10?
10
Calculate the greatest common factor of 3069 and 1395.
279
What is the highest common factor of 67640 and 152?
152
What is the highest common divisor of 93 and 248?
31
Calculate the highest common divisor of 176 and 17.
1
Calculate the highest common divisor of 4844 and 42.
14
Calculate the highest common factor of 21 and 141.
3
Calculate the highest common divisor of 14 and 322.
14
Calculate the greatest common divisor of 6144 and 960.
192
Calculate the highest common factor of 171 and 779.
19
What is the greatest common factor of 8 and 916?
4
Calculate the highest common factor of 14504 and 196.
196
Calculate the highest common factor of 60 and 1460.
20
Calculate the greatest common divisor of 315 and 32025.
105
What is the greatest common factor of 117 and 18?
9
What is the highest common divisor of 50 and 40?
10
Calculate the greatest common divisor of 342 and 72.
18
What is the highest common divisor of 518 and 28?
14
What is the greatest common factor of 52 and 12584?
52
What is the highest common factor of 752 and 16?
16
Calculate the greatest common divisor of 2120 and 160.
40
Calculate the highest common factor of 162 and 54.
54
What is the greatest common divisor of 187 and 85?
17
What is the greatest common divisor of 360 and 20?
20
What is the highest common factor of 170 and 750?
10
What is the greatest common factor of 1092 and 8463?
273
Calculate the greatest common divisor of 495 and 22.
11
What is the highest common divisor of 135 and 27?
27
What is the highest common factor of 292 and 28?
4
What is the highest common divisor of 15 and 3405?
15
Calculate the highest common factor of 3 and 5361.
3
Calculate the greatest common divisor of 84 and 36.
12
What is the greatest common factor of 855 and 95?
95
Calculate the highest common divisor of 95 and 57.
19
What is the greatest common factor of 122 and 22326?
122
Calculate the highest common divisor of 1386 and 882.
126
Calculate the highest common divisor of 17 and 104567.
17
Calculate the greatest common factor of 4285 and 5.
5
Calculate the highest common divisor of 47 and 1363.
47
Calculate the highest common factor of 2323 and 92.
23
What is the highest common divisor of 63 and 357?
21
What is the highest common divisor of 3228 and 72?
12
What is the highest common factor of 8 and 6?
2
What is the highest common factor of 954 and 18?
18
Calculate the greatest common divisor of 92 and 3013.
23
What is the greatest common factor of 288 and 90?
18
What is the greatest common divisor of 366 and 19154?
122
What is the greatest common divisor of 262 and 7205?
131
Calculate the highest common factor of 70 and 56.
14
What is the highest common divisor of 2502 and 81?
9
Calculate the highest common divisor of 200 and 25.
25
What is the greatest common divisor of 1496 and 33?
11
What is the greatest common divisor of 979 and 178?
89
Calculate the highest common factor of 32 and 22368.
32
Calculate the greatest common divisor of 221 and 34.
17
What is the greatest common divisor of 17 and 60435?
17
What is the highest common factor of 9 and 1671?
3
What is the highest common divisor of 652 and 4?
4
Calculate the greatest common divisor of 13333 and 67.
67
What is the greatest common factor of 77 and 176?
11
What is the highest common factor of 28 and 1428?
28
Calculate the greatest common divisor of 5696 and 12.
4
Calculate the highest common divisor of 38 and 38.
38
What is the highest common divisor of 182 and 26?
26
What is the greatest common divisor of 1107 and 82?
41
Calculate the greatest common divisor of 3277 and 348.
29
Calculate the greatest common divisor of 225 and 125.
25
What is the highest common factor of 50 and 1020?
10
Calculate the greatest common factor of 8323 and 1148.
287
What is the greatest common divisor of 168 and 2226?
42
What is the greatest common divisor of 67 and 67?
67
What is the highest common divisor of 8417 and 76?
19
Calculate the greatest common divisor of 40 and 75360.
40
What is the highest common divisor of 1370 and 160?
10
Calculate the greatest common divisor of 476 and 884.
68
What is the highest common divisor of 1 and 747?
1
Calculate the greatest common factor of 6 and 2038.
2
What is the greatest common divisor of 2100 and 560?
140
Calculate the highest common factor of 2291 and 79.
79
What is the highest common factor of 485 and 5?
5
What is the greatest common divisor of 8 and 380?
4
Calculate the highest common divisor of 46 and 3.
1
What is the greatest common divisor of 108 and 3708?
36
Calculate the highest common factor of 132 and 165.
33
Calculate the greatest common divisor of 667 and 23.
23
W